= -2016 + 396. Let j be (5/4)/((-15)/i). Calculate the remainder when 73 is divided by j/7 - 12/42.
16
Suppose -4*y - 3*r = 71, r + 52 = -3*y - 0*r. Calculate the remainder when (194/4)/((-3)/(-6)) is divided by (y/6)/(69/(-414)).
12
Suppose -29*d + 33*d - 120 = 0. Let t = -31 + d. Let l(q) = -30*q + 2. What is the remainder when l(t) is divided by 19?
13
Suppose 12 = -3*q, -f - 4*f + 27 = -3*q. Calculate the remainder when 170 is divided by 58/f - (-4)/(-12).
18
Let r(w) = -6*w**3 - 3*w**2 + 1. Let t be r(-1). Suppose -2*h - 4*p = -p - 18, -3*h + t*p + 44 = 0. What is the remainder when h is divided by 7?
5
Let r = -6 - -11. Suppose 18 = -3*t, -x - 18*t + 12 = -19*t. What is the remainder when x is divided by r?
1
Suppose 99*s = 147 + 744. Calculate the remainder when 341 is divided by s.
8
What is the remainder when 122 is divided by ((-2)/7 - (-2109)/105) + (-180)/225?
8
Let k(c) = -c**2 + 13*c - 26. Let v be k(10). Suppose -v*a = -16, -4*m + a - 552 + 1516 = 0. Let b = -16 + m. What is the remainder when b is divided by 19?
17
Suppose 7*u - 2*u = 87 + 1633. Calculate the remainder when u is divided by 68.
4
Suppose 6*j - 11 + 5 = 0. Let d(q) = 71*q. Let h be d(j). Suppose -4*v - u = -h, 4*u = -5*v + 3*v + 18. Calculate the remainder when v is divided by 10.
9
Let p(b) = -5*b**3 - 295*b**2 - 12*b + 177. Calculate the remainder when 3555 is divided by p(-59).
15
Suppose -5*v = 5*f - 3*f - 337, 2*v = 5*f - 886. Calculate the remainder when f is divided by (((-80808)/(-105))/(-37))/(2/(-5)).
20
What is the remainder when 170 is divided by 68*135/252 + 8/14?
22
Suppose -29 = -n + 195. What is the remainder when n is divided by 25?
24
What is the remainder when 241 is divided by (-115)/(-46)*(-216)/(-20)?
25
Suppose -7*h + 2*h + 2165 = 0. Suppose -5*m + h + 172 = 0. Suppose 32 = n + y, -2*y - 3*y = -3*n + 88. Calculate the remainder when m is divided by n.
28
Suppose t = x - 54, 3*x - 3*t + 7*t = 148. Calculate the remainder when 114 is divided by x.
10
Let t = -12202 - -12233. What is the remainder when 5826 is divided by t?
29
Suppose 43*r + 8455 = 75*r + 63*r. What is the remainder when 881 is divided by r?
80
Let r = -908 - -340. Let c = r + 678. Suppose -3*t = t - 5*k - 44, k = 4. What is the remainder when c is divided by t?
14
Suppose -3*u = -325 - 527. Let g = 371 - u. Calculate the remainder when g is divided by 7.
3
Suppose -2*k = -4 + 2. Let j(r) = -r**2 + 5*r + 16. Suppose -12*d + 33 = -51. What is the remainder when j(d) is divided by k?
0
Suppose -h + 4 = -0. Calculate the remainder when 38 is divided by (h - 1 - -11)*1.
10
What is the remainder when 112 is divided by 2/6*-30 + 13?
1
Suppose -o = 3*o - 128. Suppose -18 = -c + 2*d, 2*c - 1 - o = 5*d. Let p(t) = t**2 + 3*t - 25. Calculate the remainder when c is divided by p(-7).
0
Suppose -71 - 228 = -3*r - t, 4*r = -3*t + 392. Suppose -6501 = 90*q - r*q. Calculate the remainder when q is divided by 33.
30
Let z(j) = -j**3 - 29*j**2 - 8*j - 65. What is the remainder when 585 is divided by z(-29)?
84
Let q(y) = y**3 - 7*y**2 - 6*y + 16. Calculate the remainder when (-2)/4 - (-4213)/22 is divided by q(8).
31
Let u = 348 + -152. Suppose 16*c - 2088 = -1688. Calculate the remainder when u is divided by c.
21
Let i(a) = -a**3 + 4*a**2 + 6*a + 4. Let q(n) be the first derivative of n**2/2 + 29*n + 25. What is the remainder when q(5) is divided by i(5)?
7
Suppose 106*z - 192*z + 117*z - 558 = 0. Suppose 0 = -0*w + 5*w - 1520. Calculate the remainder when w is divided by z.
16
Suppose 0 = r - 5*p - 5, p = 2*r - 0*p - 55. Calculate the remainder when 14*(-29)/(-2) + 4 is divided by r.
27
Let j be (-12 - 324/(-30))/((-4)/10). Suppose 0 = 4*i + 4*k - 81 - 11, j*i - 65 = -k. What is the remainder when 796 is divided by i?
19
Suppose -p = 4*u - 152 + 43, 420 = 5*p - 5*u. Let k = 127 - p. What is the remainder when 105 is divided by k?
29
Let v be ((-12)/9)/(-1)*(-6)/(-4). Let x be (13 - 8)*4/v. Let u = x + -8. Calculate the remainder when 6 is divided by u.
0
Let a be (-2)/13 - (-297)/(-13). Let r = a - 3. Let w = 52 + r. What is the remainder when w is divided by 9?
8
Let g(j) = 34*j**3 - 54*j**2 + 128*j - 35. Calculate the remainder when g(2) is divided by 91.
4
Let k be 1*(0 + -3 - -2). Let w be k - 441/15 - (-8)/20. Calculate the remainder when -6*2/10*w is divided by 21.
15
Let x(o) = 280*o**2 + 7*o - 1. Let h be x(1). Suppose 0 = -d - 3*d. Suppose 5*f - h + 46 = d. What is the remainder when f is divided by 7?
6
Let n(m) = -m**2 - 5*m. Let t be n(-5). Suppose t*d + 63 = 3*d. What is the remainder when d is divided by (3/((-9)/(-4)))/((-60)/(-270))?
3
Suppose 0 = 3*j - j - 8. Suppose -x + 4*x + 5 = j*y, -4*x + 6 = y. Suppose k + y*k - 75 = 0. Calculate the remainder when k is divided by 6.
1
Let v = -2805 - -3988. Let y = v - 1166. Let r = 75 + -42. Calculate the remainder when r is divided by y.
16
Suppose z - 913 = -5*l - 255, -3*l + 422 = 4*z. What is the remainder when 10005 is divided by l?
125
Let i(r) = r**3 - 6*r**2 + 7*r - 2. Let z = 202 + -163. Suppose 0 = 2*k + 11 - z. What is the remainder when i(6) is divided by k?
12
Suppose 2*j = -4*s + 78, -425 + 427 = -2*j. Calculate the remainder when 345 is divided by s.
5
What is the remainder when -3 + (6/12*(-30)/3 - -14386) is divided by 20?
18
Let q(o) = -14*o - 108. Let a(y) = -27*y - 217. Let s(u) = -4*a(u) + 9*q(u). What is the remainder when s(-8) is divided by 11?
7
Suppose -5*m = -67 + 7. Let b be 213/m + 2/8*1. Suppose 0*a = 4*a + 12, -4*a + b = 5*x. What is the remainder when 20 is divided by x?
2
Suppose 1 = y - 2*g - 4, 0 = -2*y - 5*g + 10. What is the remainder when (-213)/(-18) + (-8)/(-48) is divided by y?
2
What is the remainder when ((-3)/(-12))/((-3)/(-1572)) is divided by 64 + 4/((-16)/(-12))?
64
Let j(q) = -q**2 + 13*q + 22. Let o be j(8). Suppose o = 4*b - 146. Calculate the remainder when b is divided by 3.
1
Suppose 25 - 4 = 3*w. Let x(j) = 20*j**2 + 37*j - 73. What is the remainder when x(2) is divided by w?
4
Suppose -6 = -4*v - 2*m, -5*m + 8 = -4*v + 49. Let p(g) = 2*g**3 + g**2 - 6*g + 1. Let b be p(0). Calculate the remainder when (24/4 - -1)*b is divided by v.
3
Suppose 55 + 99 + 416 = 190*i. Calculate the remainder when 52 is divided by i.
1
Suppose -4*a = -3*z + 9469, 18*a + 15805 = 5*z + 23*a. Calculate the remainder when z is divided by 186.
183
Suppose 92*l = 80*l + 24. Suppose i = 6*v - 3*v + 257, 5*i - l*v = 1311. What is the remainder when i is divided by 68?
59
Let l(y) = -28*y + 1914. Calculate the remainder when l(-7) is divided by 151.
147
Suppose -2*o + 2325 = z, -3490 = -0*o - 3*o - 4*z. Suppose 107 = 27*y - o. What is the remainder when y is divided by 23?
1
Suppose -2*t + 88 = -3*n, 2*t - 86 = -10*n + 12*n. Let j = t + -37. What is the remainder when 14 is divided by j?
2
Let a = 163 + -148. Calculate the remainder when 65 is divided by a.
5
Let v = 1045 - 1759. Let h = v + 873. Calculate the remainder when h is divided by 34.
23
Suppose -2*m + 121*s - 124*s = -858, 4*m = -2*s + 1684. Calculate the remainder when m is divided by 132.
21
Suppose 0 = 74*y + 78*y - 40*y - 74928. Calculate the remainder when y is divided by 207.
48
Let i = -4144 - -4170. Calculate the remainder when 15988 is divided by i.
24
Suppose -3*b - 341 + 967 = 5*f, -5*b = 5*f - 620. Calculate the remainder when 390 is divided by f.
9
What is the remainder when -7 + -935*(5 + 6 + -12) is divided by 31?
29
Suppose 160*a - z + 146 = 161*a, -5*z = 4*a - 587. Calculate the remainder when 365 is divided by a.
79
Let j = 274 - 169. Suppose -4*x + 129 = 5*k - 142, 4*x = -2*k + 106. What is the remainder when j is divided by k?
50
Suppose 5*d - 80 = -0*d. Let y be ((0 - 37) + 1)*(-4)/(-6). What is the remainder when d is divided by 5/(((-260)/y)/13)?
4
Suppose -69*v + 15*v = -v - 4664. Calculate the remainder when 1314 is divided by v.
82
Let w(d) = -2*d**3 + 11*d**2 + 10*d + 1. Suppose 0 = 4*o - 7*o + 9. What is the remainder when (-1)/(o - 292/97) is divided by w(6)?
22
Let c(t) = 24*t + 360. Let q be c(-8). Suppose 5*d = -5*s + 35, -38 = -0*s - 5*s - 4*d. Suppose s*h = 6*h + q. What is the remainder when h is divided by 5?
2
Suppose 0 = -3*z - 2*z + 35. Suppose 4*j + 1 = -z, 2*j - 366 = -p. Suppose -5*s = -5*u + p, 0 - 1 